3*k + 7090. Calculate d(h).
11
Let x(v) = 4*v**3 + 2*v**2 + 6*v + 5. Suppose -16 = 4*i - 37*t + 39*t, -13 = i + 5*t. Calculate x(i).
-103
Let x = -782 + 781. Let l(w) = -w**2 - 6*w - 2. What is l(x)?
3
Let y(p) = -4*p**2 + 27*p - 89. Let c(i) = 37*i**2 - 244*i + 816. Let h(j) = -6*c(j) - 55*y(j). Calculate h(-13).
-66
Let z(l) be the first derivative of 3*l**2 - 23 + 6*l - 1/4*l**4 + 5/3*l**3. What is z(6)?
6
Suppose 12*y = 2*y. Suppose -6*i + 3*i + 18 = y. Let p(o) be the third derivative of -o**4/24 + 4*o**3/3 - 30*o**2. Determine p(i).
2
Let c(q) = q**2 - 9*q + 11. Let f be (60/75)/(2/75). Suppose 3*k + 6 = f. What is c(k)?
3
Let p(v) = 40*v + 763. Let o be p(-19). Let z(s) be the third derivative of 0*s + 1/6*s**o + 0 - 24*s**2 + 1/8*s**4. Give z(1).
4
Let i(a) = 3*a + 2. Suppose 58*w - 4 = 57*w. Suppose 1 = w*v + 5. Determine i(v).
-1
Let v(n) = 5*n + 1. Let b(l) = -2*l - 1. Let d be b(13). Let c = d - -11. Let a = c + 14. Give v(a).
-9
Let l(g) be the second derivative of 0*g**3 - g - 7/20*g**5 + 2 + 1/2*g**2 + 0*g**4. Let v be 3/6 - 2/(-4). Calculate l(v).
-6
Let s = 1189 - 1198. Let g(z) = -4*z - 22. What is g(s)?
14
Let f(j) be the second derivative of j**5/20 + 5*j**4/12 - j**3/2 - 3*j**2 - j. Let l = 17589 + -17593. Calculate f(l).
22
Let m(b) = -b**3 + 6*b**2 + b + 7. Let o = 4 + -102. Let c = o - -93. Let l(r) = 6*r + 36. Let x be l(c). Give m(x).
13
Let t(k) be the second derivative of k**5/10 + 11*k**4/12 - k**3/6 + 15*k**2/2 + 8152*k. Give t(-6).
-15
Suppose 994*w + 560 = 974*w. Let v(f) = -f - 21. Determine v(w).
7
Let x(g) = -11*g - 17. Let t(z) = 6*z + 7. Let s(l) = -3*t(l) - x(l). Let d = -3 - 0. What is s(d)?
17
Suppose -9*c + 3936 = 3927. Let l(b) = 6*b + 7. Give l(c).
13
Suppose 0 = 11*b - 23 + 1. Let u be -6 + (b + -1)*1. Let n(q) = -q**3 - 5*q**2 - 2*q - 3. Determine n(u).
7
Let m(h) = 5*h**2 + 3*h + 3. Suppose 0 = -36*j + 102 + 114. Let z = -3 - -7. Suppose -2*d = -3*r - 2, -3*d + j*d = 5*r + z. Give m(d).
17
Let n(a) = -a**3 + 9*a**2 + 3*a - 11. Suppose 14 = -f + 14. Suppose -3*l + 23 + 4 = f. Calculate n(l).
16
Let j(o) = 50*o - 3. Let l(p) = 32*p - 3. Let n(f) = 2*j(f) - 3*l(f). Let c be (2 - 16)*(-2)/(-4). Determine n(c).
-25
Let m be 351/(21/(-4) + 6). Suppose -t = -5*t + 2*z + 14, -5*z = 2*t - 1. Let n(o) = 468 - 3*o**2 + o**t - m. Determine n(2).
-4
Let f be -12 - -5*72/45. Let o(m) = -m**2 + 12*m + 65. Determine o(f).
1
Let d(l) = -l**3 + 10*l**2 - 11*l + 7. Let h be 3 + 0 - (0 - 1) - 1. Suppose 3*c - 2*o - 21 = 0, -4*c + h*o - 5 = -32. Calculate d(c).
-11
Suppose 16*m - 9*m = -105. Let i be 20/(-8)*12/m. Let q(c) = 6*c**2 - 2*c - 2. Give q(i).
18
Let v(f) = 10 + 0 + 11*f**2 - 12*f**2 + 6*f. Suppose -7*y - 57 = -10*y. Suppose 3*m - 5*u - 18 = -y, -14 = -3*m + 2*u. Determine v(m).
-6
Suppose -2*y - 8 = -2. Let h(u) be the first derivative of 12 + 125*u - 2 - 2*u**2 - 129*u. Determine h(y).
8
Suppose -7 - 21 = 33*k - 19*k. Let p(m) = m**2. Let u(b) = b**2. Let y(q) = -2*p(q) + 3*u(q). What is y(k)?
4
Let x(h) = 2*h**3 + 8*h**2 - 24*h - 64. Let s be x(-5). Let p(k) = 2 - 7 - 6*k - 6. Let v(q) = -3*q - 5. Let a(r) = s*p(r) - 13*v(r). Calculate a(7).
20
Let d be -5*((-504)/(-70) + -8). Let s(z) = 8*z - 17. Determine s(d).
15
Let a = -3580 + 3583. Let j(r) be the second derivative of -2*r**2 + 47*r + 0 - 1/2*r**a. Calculate j(6).
-22
Let z(d) be the second derivative of -d**4/12 - 5*d**3/6 - 3*d**2/2 - 5*d. Let t(j) = -16*j - 37. Let u be t(-2). What is z(u)?
-3
Let n be (-8)/(-32) + (-2)/8. Let b(f) = 2*f - 6*f + n*f + 2*f**2 + 2 + 0. Suppose 32*t - 1628 = -1564. Determine b(t).
2
Let j(p) = 71*p**2 + 36*p - 52. Let z(q) = -14*q**2 - 4*q + 11. Let h(r) = -j(r) - 5*z(r). Let u = 11 - 25. What is h(u)?
25
Let u(z) = -80*z - 6811. Let i be u(-85). Let x(j) = -j**2 - 14*j - 38. Give x(i).
-5
Let w = 56 - 44. Suppose -2*c + 2 = 5*y - w, -5*y + 2*c = -6. Let l(q) = 23*q**2 + 0*q + q**3 - 28*q**y - q + 2. Determine l(5).
-3
Let m be (-3)/2*(-1554)/333. Let r(j) = -4*j - 7. Give r(m).
-35
Let p(h) = -2*h**2 - 15*h - 17. Let t = -21154 + 21148. Determine p(t).
1
Let l = -112 - -115. Let u(k) = -6*k - l + 75*k**2 - 37*k**2 - 39*k**2. Let z = 7 - 13. Calculate u(z).
-3
Let c(j) = 108 - 304 - 4*j + 110 + 102 - j**2. Give c(0).
16
Let d(s) = 16*s**2 + 60*s + 70. Let f = -33 + 47. Let t(o) = -8*o - 4*o - f + 0*o**2 - 3*o**2. Let n(u) = 2*d(u) + 11*t(u). Give n(-10).
6
Let y be 43*(-2)/10 - (-30)/(-75). Let g(u) = u**2 + u. Let p(c) = 4*c**2 - 6*c - 13. Let x(d) = 5*g(d) - p(d). Calculate x(y).
-5
Suppose -9*c = -6*c - 6. Let b(n) = n + 0*n - 11 - c*n + 19. Give b(5).
3
Let q(k) be the first derivative of -k**4/4 + 7*k**3/3 - 2*k**2 - 8*k + 1101. Calculate q(6).
4
Let j(x) be the first derivative of 108 - 7/2*x**2 + 6*x. What is j(-5)?
41
Let t(u) = u**3 - 2*u + 6. Let g be 2/(-4)*1*(-301 - -303). Let f be (-92)/23 - (-3 + g). Give t(f).
6
Let g(q) = q**3 + 6*q**2 - q + 2. Suppose 0 = 66*j - 63*j - 867. Let r = 283 - j. Give g(r).
8
Suppose -17*i = 4*i - 21. Let l(m) = 5 + i - 2*m - 12 - 7. Determine l(-12).
11
Suppose 0 = -3*o - o - 12. Let w be o - (0 - 15)*(-16)/(-40). Suppose 0 = w*l - 16*l + 104. Let r(d) = -d**3 + 7*d**2 + 7*d + 4. Give r(l).
-4
Let b(l) = l**3 - 2*l**3 - 8*l**2 - l**2 + 15 + 11*l. Let a(o) be the first derivative of -o**4/4 + 10*o**3/3 - 5*o**2 - o + 285. Let n be a(9). Give b(n).
5
Let l(j) = j - 70. Let z(q) = -q + 48. Let y(b) = 2*l(b) + 3*z(b). Determine y(13).
-9
Let l = 144 - 133. Let n(x) = 0 - 2*x + 7*x - l - 3*x. Determine n(5).
-1
Let z be 4 - (4/(-12)*3 + -4). Suppose 0*t + 9*t + z = 0. Let j(r) = 3*r - 1. Give j(t).
-4
Let p(u) be the third derivative of 0*u - 4/3*u**3 + 0 + 29*u**2 + 1/60*u**5 + 1/8*u**4. Let x(o) be the first derivative of p(o). Determine x(-5).
-7
Suppose -12*a - 18*a + 576 = -54*a. Let o(j) = 2*j**3 + 48*j**2 + 24. Give o(a).
24
Suppose 29*g + 414 = 12*g + 63*g. Let i be 0 - 5/(20/(-12)). Let j(y) = 8*y + 0*y - i*y - 14 + 1. Give j(g).
32
Let o(p) be the third derivative of -p**6/120 - 11*p**5/60 - p**4/12 - 7*p**3/6 + 522*p**2. Give o(-11).
15
Let y(k) be the second derivative of -k**5/20 + 2*k**4/3 - 3*k**3 + 19*k**2/2 - 428*k - 1. Give y(6).
-17
Let c(x) = 7*x + 12. Let t = -5553 + 5553. Determine c(t).
12
Let w(d) be the third derivative of 0*d - 1/24*d**4 + 1 - 27*d**2 - 4/3*d**3. Suppose 3*q + 2*a = -a - 18, q + 6 = -3*a. Give w(q).
-2
Let z be -10 - 14/(-21) - 4/(-12). Let b(q) = q**2 + 14*q + 29. Give b(z).
-16
Let b(a) be the third derivative of -1/2*a**3 + 30*a**2 + 1/120*a**6 + 0 + 1/24*a**4 - a - 1/15*a**5. Calculate b(3).
-9
Let c(f) = -5816*f**3 + 2*f + f**2 - 5821*f**3 - 1 + 11638*f**3. Determine c(-2).
-9
Let r be (91/(-2) - -3) + 3/(-6). Let g = -41 - r. Let t(j) = 2*j - g*j - 4 - 6*j. Calculate t(-3).
14
Suppose 18*q = -4*q + 110. Let h(y) be the third derivative of -y**6/240 - y**5/60 - 7*y**4/24 - 3*y**2. Let i(f) be the second derivative of h(f). Give i(q).
-17
Let g(u) = -3*u**2 - 2*u + 1. Let v be (-32)/(-14) + 8/(-28). Suppose 34*k = 35*k - v. Let s(j) = -4*j**2 - j + 2. Let a(m) = k*s(m) - 3*g(m). What is a(-4)?
1
Let s(n) = n**2 - 8*n + 3. Suppose 33*g - 20*g = 39. Let h be g/4 - 35/(-56)*10. Calculate s(h).
-4
Let c(h) = 10*h - 309. Let m be (782/207)/(1/9 + 0). Calculate c(m).
31
Let q(l) = 7*l**2 + 4*l + 4. Suppose -89*s + 122 = -28*s. What is q(s)?
40
Let k(o) be the second derivative of 318*o + 0 - 1/2*o**4 + 0*o**3 - 5/2*o**2 + 1/20*o**5. What is k(6)?
-5
Let u(v) be the first derivative of -v**7/840 + v**6/40 - v**5/15 + 7*v**4/24 - 19*v**3 + 2*v - 90. Let b(c) be the third derivative of u(c). Give b(8).
7
Let h be (-1)/4 - 82/(-8). Let n(y) be the third derivative of y**4/8 - 5*y**3/3 + 3*y**2 + y + 156. What is n(h)?
20
Suppose 0 = 18*f + 165 - 5205. Let h = f + -284. Let p(x) = x**3 + 4*x**2 + x - 4. Calculate p(h).
-8
Let b(u) = -22*u + 1. Let i(o) = 62*o + 7. Let h(c) = 6*b(c) + 2*i(c). What is h(-8)?
84
Let s = -6 + 2. Let n(k) = -4*k**2 - 3*k + 5. Let m(g) = -g**2 + 1. Let r(i) = -2*i**2 + i + 2. Let y(t) = m(t) - r(t). Let a(j) = -n(j) - 2*y(j). Give a(s).
9
Let y = -81 + 79. Let k(f) = 7*f - 7. Let a(u) = 9*u - 7. Let j(v) = y*a(v) + 3*k(v). Let z = -3 - -8. Calculate j(z).
8
Let x(p) be the third derivative of -p**5/60 - 5*p**